 7?
5
Suppose -a = -3*z + 3, 0*a - 5 = -3*a - 5*z. Let i(s) = s + 7. What is the remainder when i(a) is divided by 3?
1
Let l(d) be the first derivative of -4*d**2 + d - 3. What is the remainder when l(-2) is divided by 6?
5
Suppose -2*r + 4*h = 12 + 8, 0 = h - 5. Let y = 12 - r. Suppose 20 = 3*k - 7*k, 2*m - 54 = 2*k. What is the remainder when m is divided by y?
10
Let w = 31 + -13. Suppose -w = -2*z + 88. Calculate the remainder when z is divided by 18.
17
Suppose 12 - 97 = -5*c. What is the remainder when 100 is divided by c?
15
Calculate the remainder when 11 is divided by 6/(6 - 3)*2.
3
Suppose 3*d - 194 = -0*d - 2*t, -5*d + 3*t = -336. Calculate the remainder when d is divided by 22.
0
Suppose 7 = -5*w + 6*w. Let h(v) = -5*v - 20. Calculate the remainder when h(-8) is divided by w.
6
Calculate the remainder when (-15 - 0)/((-15)/130) is divided by 33.
31
Let t = 11 - 3. Calculate the remainder when 44/(-3)*3/(-2) is divided by t.
6
Let u = 9 - 6. Suppose -u*o - o = -52. What is the remainder when 24 is divided by o?
11
What is the remainder when 90 is divided by 76/(-2)*(-4)/8?
14
Let o(r) = -5*r + 1. Let z be (-24)/(-9)*162/8. Suppose -2*x + z = 12. Calculate the remainder when x is divided by o(-2).
10
Let u be 3*2*3/(-6). What is the remainder when (-7)/((-3)/u*-1) is divided by 3?
1
Let q(d) = 12*d**2 + 2*d + 1. Let p be q(-1). Let w be (3 + 0)/(6/4). Suppose -41 = -w*y + p. Calculate the remainder when y is divided by 9.
8
Suppose 0 = 3*y + 8 - 14. Calculate the remainder when 51 is divided by (17 - 3 - y) + 1.
12
Let l = -11 - -56. What is the remainder when l is divided by 4 + -4 - (2 + -18)?
13
Let t be (-1 - 0)/((-5)/10). Suppose -40 = -4*n + c, -2*n - t*c - 2*c = -38. What is the remainder when 20 is divided by n?
9
Suppose 2*q + 3 = 11. Suppose q*v + 0*v = w - 20, -w - 4*v + 60 = 0. What is the remainder when w is divided by (-12)/(-54) + (-372)/(-27)?
12
Let b = -83 + 46. Let x = -22 - b. Suppose -25 = -z + 4. What is the remainder when z is divided by x?
14
Let l(k) be the first derivative of 22*k**3/3 - k**2/2 + k - 3. Suppose b + b - 16 = 0. Calculate the remainder when l(1) is divided by b.
6
Suppose -4*v - 4*w + 232 = 0, -5*v + 5*w + 147 = -173. Calculate the remainder when v is divided by 13.
9
Let k(d) = d**3 - d**2 - 3*d + 4. Calculate the remainder when 63 is divided by k(3).
11
Suppose 0 = p + 2*m - 39, m - 1 = -2. What is the remainder when p is divided by 14?
13
Let u be 0*(-2)/4 - 0. Suppose u = -2*i + 8 + 6. What is the remainder when (-2)/2 - (1 - 14) is divided by i?
5
Let w be (70 + -1)/3 + 2. Let s = -16 + w. Let r(t) = t**3 - 6*t**2 - 6*t - 2. Calculate the remainder when s is divided by r(7).
4
Let p = -7 + -44. Let d = -29 - p. Suppose -3*o - 2*q = -4*o + 8, 0 = -4*o + q + 32. Calculate the remainder when d is divided by o.
6
Let v = 80 + -54. What is the remainder when 153 is divided by v?
23
Let o(y) = 6*y**2 + 1. Let p(v) = -v**2 - 10*v - 5. Let c be p(-9). Suppose 0 = -x + c*f + 25, 8 = -f - f. Calculate the remainder when o(2) is divided by x.
7
What is the remainder when 29 is divided by ((-5 - -5) + 12)/(3/2)?
5
Let u = -38 - -74. Calculate the remainder when 142 is divided by u.
34
Let b(t) = -t. Let u be b(-3). Let i be (-352)/6*(-15)/10. Suppose -u*a - i = -4*m, 5*m - 5*a = 51 + 54. What is the remainder when m is divided by 13?
12
Let t = 121 + -18. Suppose 4*m - 21 - t = 0. What is the remainder when m is divided by 11?
9
Let r = 14 + 3. Let h(q) = 9*q**2 + q - 1. What is the remainder when h(-2) is divided by r?
16
Calculate the remainder when (3/2)/(1/42) is divided by 16.
15
Calculate the remainder when 20 is divided by 130/11 - 24/(-132).
8
Let v be (-2)/(-14) + 340/70. Suppose g - 7 = 2*w, v*g - 3*w + 2*w - 53 = 0. What is the remainder when g is divided by 5?
1
Suppose h + 5*t - 29 = -0*h, 5*h - 3*t - 61 = 0. Suppose -2*x - x = -120. What is the remainder when x is divided by h?
12
Suppose -u - 125 = -6*u. What is the remainder when 71 is divided by u?
21
Let y(c) = 3*c**2 + 2. Let d be y(-2). Let k(j) = j**3 - 3*j**2 + j. Calculate the remainder when (-3 + 4)/(2/d) is divided by k(3).
1
Let v = -63 + 92. Calculate the remainder when v is divided by ((-1)/(1/(-10)))/1.
9
Let n = 11 - 3. What is the remainder when n is divided by 6/4*-2 - -8?
3
Let z(t) = 2*t**2 - 3*t - 4. Let n be z(-5). Let k = n + 46. Suppose -3*l + k = 5*q, -4*q - 37 = -l - 7*q. What is the remainder when l is divided by 12?
10
Suppose 12 = -b + 4*l, -3 = l - 0. Calculate the remainder when 65 is divided by (22/6)/((-4)/b).
21
Let x(s) = -2*s + 5. Calculate the remainder when x(-4) is divided by 0 + 4 - 2/(-2).
3
Let t = -2 - 141. Let w = -99 - t. What is the remainder when w is divided by 23?
21
Let f(x) = -5*x - 7. Let l(z) = z**2 + 2*z - 3. Calculate the remainder when f(-5) is divided by l(-4).
3
Suppose 30 = s + 4*s. Let y(v) = 3*v + 7. Let r(b) = -b + 1. Let f(q) = 4*r(q) - y(q). What is the remainder when f(-2) is divided by s?
5
Let p(k) = -k**3 + k**2 + k + 27. Let r be p(0). Let w = r - 16. What is the remainder when 30 is divided by w?
8
Suppose 0 = 3*a - 3*x, a - 6*a - 8 = -x. Let r = 12 + a. What is the remainder when 37 is divided by r?
7
Suppose -5*x = -d - 347, -2*x + 4*x - 2*d - 142 = 0. Suppose -3*a + 5*o = -64, 4*o = 4*a - 0*a - 80. What is the remainder when x is divided by a?
15
Let t = -1 - -3. Suppose 4*n + 5*u - 216 = 0, -3*u + 110 = -0*n + t*n. What is the remainder when n is divided by 17?
15
Suppose -2*y = 2*y - 368. Suppose -5*q + y = j, -j = 2*j + q - 248. What is the remainder when j is divided by 28?
26
Calculate the remainder when 78 is divided by (6/(-4))/(3/(-32)).
14
Let i(d) = 3*d**2 - 15*d - 17. Let g(b) = b**2 - 1. Let c(l) = 2*g(l) - i(l). What is the remainder when c(13) is divided by 11?
8
Suppose 84 = 3*k + k. Calculate the remainder when 59 is divided by k.
17
Let a(u) = 16*u**2 + 1. What is the remainder when a(-1) is divided by (-3)/3*(0 - 9)?
8
Suppose c + 13 = -4*p, -4*c + 2*p = p - 33. Let r = 15 - 5. Let m = r - c. What is the remainder when 7 is divided by m?
1
Let b be ((-2)/(-5))/(6/30). What is the remainder when b/(-6) + (-595)/(-21) is divided by 22/2 - (-1 + 2)?
8
Suppose -3*m + 3*k - 51 = 0, 0 = 2*k - k + 5. Calculate the remainder when 30 is divided by (-4)/m - 174/(-11).
14
Let b be 2 - 1 - -1 - -16. Suppose -3 = c - b. Calculate the remainder when 6/30 + (-284)/(-5) is divided by c.
12
Calculate the remainder when 19/6 - 1/6 is divided by 2.
1
Let z be (6/(-9))/((-5)/30). Calculate the remainder when 42 is divided by z/18 - 97/(-9).
9
Let h be 0/((2 - 4)/1). Suppose h*o = 5*o. Suppose 4*a + b - 32 - 33 = o, 97 = 5*a - 4*b. What is the remainder when a is divided by 6?
5
Calculate the remainder when 28 is divided by (0 - (8/2 - 2)) + 18.
12
Let b be (-3 - 10/(-4))*-6. Suppose -4*s + 16 = g, 11 = b*s - 2*g + 3*g. Calculate the remainder when 19 is divided by s.
4
Let s = 2 - 1. Let v(w) = 4*w**2 - w. Let d be v(s). What is the remainder when 16 is divided by 1 - 1 - (d + -9)?
4
Suppose -2*j + 4 + 4 = 0. Let k(p) = p**3 - 4*p**2 + 2*p - 4. What is the remainder when 6 is divided by k(j)?
2
Let v = 56 + -26. Let w(c) = 3*c**2 + 11*c + 4. What is the remainder when v is divided by w(-4)?
6
Let y(f) be the first derivative of 7*f + 2/3*f**3 + 3/2*f**2 - 2. Calculate the remainder when y(-5) is divided by 11.
9
Calculate the remainder when 41 is divided by (-30)/(-2) - (11 + -6 - 4).
13
Let a = 7 - 13. Suppose -2*z - s + 43 = z, 0 = -2*z + 5*s + 23. What is the remainder when (52/(-5))/(a/15) is divided by z?
12
Suppose 2*w + 3*c = 40, 2*c - 25 = -2*w + 15. Let m(j) = -2*j**2 + 2*j - 2. Let x be m(2). Let u = x + w. Calculate the remainder when 26 is divided by u.
12
Suppose -182 + 80 = -2*j. What is the remainder when 99 is divided by j?
48
Suppose 5*g + 2*h = 3*g + 72, -4*g - 2*h + 134 = 0. Calculate the remainder when g is divided by 17.
14
What is the remainder when 5*(-2 + (-33)/(-5)) is divided by 12?
11
Suppose 3*l - 4 = 2. What is the remainder when -4*((-45)/12 - 2) is divided by (-30)/(-4) + 1/l?
7
Suppose -2 - 2 = -a, -x - 3*a = -12. Let z(t) = -t**3 - t**2 + t + 34. Suppose 84 + 6 = 10*u. Calculate the remainder when z(x) is divided by u.
7
Suppose